d f.
6
Suppose 3*y = f + 3*f - 179, 5*f = -4*y + 216. Let b(l) = l**2 + 10*l + 11. Let d be b(-11). What is the highest common factor of d and f?
22
Let c(o) = -3*o + 4. Let s be c(4). Let n(g) = g**3 + 11*g**2 + 19*g + 12. Let q be n(s). What is the greatest common factor of q and 26?
26
Suppose -u = 3*l + 2*l - 20, 17 = 4*u - l. Let v be (88/u)/((-20)/(-100)). What is the greatest common divisor of 11 and v?
11
Let h(z) = 10*z - 3 + 4 - 3 + z**2. Let p be h(-11). Suppose 0 = -3*v - a + 60, -6*a = -3*a + p. What is the highest common factor of v and 21?
21
Suppose 11 = -4*i + 15*i. Let d be 0 + i + 57 - (10 - 6). What is the highest common divisor of 486 and d?
54
Suppose -31*f + 34*f = 42. Calculate the highest common divisor of 2422 and f.
14
Suppose 56*j - 48*j - 4312 = 0. What is the highest common factor of j and 11?
11
Let p(f) = -6*f + 9. Let j be p(-13). Let o = -42 + j. Calculate the greatest common divisor of o and 9.
9
Let k be (6 + 0)*(-6)/(-6). Suppose -o = 4, n + 3*o + k = -6. Suppose 3*f + 4*l - 58 = n, 3 = 2*f - 4*l - 29. Calculate the highest common divisor of 18 and f.
18
Suppose -2*t + 15 = t. Suppose -t*o = -o - 72. Let c = o - 8. Calculate the greatest common factor of c and 90.
10
Let r(p) = 6*p + 4*p**2 - 4*p - p - 1. Let z be r(1). Let s(d) = 31*d**2 - d. Let j be s(-1). Calculate the greatest common factor of j and z.
4
Suppose -12*j = -486 - 690. Calculate the highest common divisor of 70 and j.
14
Let u = -108 + 113. Suppose 6*o - 23 = -u. Let z(h) = -h**3 - 5*h**2 + 9*h - 2. Let y be z(-7). Calculate the highest common divisor of o and y.
3
Let l(o) = -o**3 - 16*o**2 + 7*o - 18. Let f be l(-17). Calculate the highest common factor of 8 and f.
8
Let a be 336/6 + 2/(-2). Suppose -347 + 259 = -4*r. What is the highest common divisor of r and a?
11
Suppose -5*o + 320 = -0*o. Let l(z) = z**3 + 11*z**2 - 31*z - 17. Let q be l(3). Calculate the highest common divisor of o and q.
16
Let n = 12 - -92. Suppose 27 = -a + n. Calculate the highest common factor of 11 and a.
11
Suppose 46*q + 689 = 2621. What is the highest common divisor of 66 and q?
6
Let m(c) = -c**2 + 7*c - 3. Let b be m(7). Let d be (-495)/10*-1*(-2)/b. Calculate the highest common factor of d and 11.
11
Let l be 13*(-2)/(-7)*7. What is the highest common divisor of 65 and l?
13
Let f(n) = 20*n + 20. Let b be f(5). Suppose 0 = 5*d + 4*h - b, 23 = 4*d + 5*h - 82. Calculate the greatest common factor of d and 5.
5
Let w = 1 - -1. Suppose -3*g + 0*g - 8 = -r, -w = -r. Let f be 2 + (g - 1) - -15. Calculate the greatest common divisor of 7 and f.
7
Let t(f) = -3*f**3 + 3*f**2 - 4*f + 3. Let d be t(2). Let y = d + 27. What is the highest common divisor of 40 and y?
10
Suppose 4*b = -b - 2*c + 38, 0 = 5*b + 3*c - 37. Suppose -9*s + 4*s + 5 = 0. Calculate the greatest common divisor of s and b.
1
Suppose 78 + 69 = 7*h. What is the greatest common factor of 3 and h?
3
Let h = 8 + -12. Let p be ((h - -2) + 2)/(-2). Suppose -l + 49 + 61 = p. Calculate the greatest common divisor of 10 and l.
10
Let b be ((-8)/12)/((-4)/6). Let j be (4/6)/(b/(-3)) + 66. Let m = 6 + 2. What is the greatest common factor of m and j?
8
Let h(z) = 72*z**2 - 77*z - 580. Let w be h(-7). Calculate the greatest common divisor of 11 and w.
11
Let r be (-12)/8 - 3/4*-34. What is the greatest common factor of r and 8?
8
Let i = -13 - -22. Suppose 750*c = 757*c - 1071. What is the highest common divisor of i and c?
9
Let k be (6/(-3))/(4/(-110)). Let u = -29 + k. Let o be 2*7/(7/u). What is the highest common divisor of 26 and o?
26
Let s(o) = o**3 + 9*o**2 + 3*o + 64. Let w be s(-9). Calculate the greatest common factor of 37 and w.
37
Suppose 0 = 4*u - 188 - 220. Suppose -8*c + u = -114. What is the highest common divisor of c and 189?
27
Let h be (-2)/6*(-2 + 1)*57. Suppose 4*s - 3*s = -4*n + 456, 0 = 5*n - 5*s - 570. What is the highest common factor of h and n?
19
Let o(z) = -z**3 + 9*z**2 + 2*z - 8. Suppose 0 = -p - 8 - 11. Let f = 28 + p. Let s be o(f). What is the greatest common divisor of 10 and s?
10
Suppose 0 = u - 2*k - 17, -k = 3*u - 4*u + 12. Let g be 10*u/(35/2). Calculate the highest common divisor of 36 and g.
4
Let t = 17 - 81. Suppose -4*m - 12 = -2*m. Let y be t/6*(3 + m). What is the greatest common factor of 4 and y?
4
Let s = 0 - -7. Suppose -3*j = -j + 5*t - 4, 56 = -5*j + 4*t. Let f(r) = -r**2 - 9*r - 1. Let p be f(j). Calculate the highest common divisor of s and p.
7
Let l(n) = n + 45. Let z be l(-13). Calculate the highest common factor of 480 and z.
32
Let n = 364 + -208. Let l = n - 36. What is the greatest common divisor of 48 and l?
24
Suppose -31*o + 1056 = -7*o. Let d be 0 - ((-17)/(-1))/(-1). Suppose -p + d = 6. Calculate the greatest common divisor of o and p.
11
Let u(h) = -h**2 + 11*h + 65. Let n be u(12). What is the greatest common factor of n and 477?
53
Let b = 20 + -9. Suppose 6*v = b*v - 10. Calculate the highest common divisor of v and 2.
2
Let z = -43 - 18. Let u be 3 + (2 - z) + -3. Suppose 2*b - 16 = -2. Calculate the highest common divisor of u and b.
7
Let q = 469 + -464. Calculate the greatest common factor of q and 210.
5
Let g be ((-2)/3)/(4902/1638 + -3). Let d = g + -66. What is the greatest common divisor of 175 and d?
25
Let n = 38 + -7. Let r = n + -27. Calculate the highest common factor of r and 8.
4
Let q(c) = -10*c + 94. Let l be q(0). Calculate the highest common factor of 235 and l.
47
Let z be 516 - (0 + (-8)/8). Calculate the greatest common divisor of z and 11.
11
Let m(w) = 3*w + 39. Suppose -7*c + 37 = -82. Let x be m(c). Suppose -5*g + 3*b = -107, 2*g + 2*g + 2*b = x. Calculate the greatest common factor of g and 55.
11
Let r = 22 + -19. Suppose r = -2*t + 2*g + 21, 0 = -4*g - 8. Let s(u) = u**2 + 2*u - 1. Let x be s(-4). What is the highest common divisor of x and t?
7
Suppose 272 = -7*y - y. Let o = y + 42. Calculate the highest common divisor of o and 88.
8
Let v(h) = 3*h + 24. Let l be v(-7). Let w be (290/6)/((-4)/12). Let y be w/(-45) + (-4)/18. Calculate the greatest common divisor of l and y.
3
Let w(l) = 51*l**2 + 1 + 22*l**2 + 10*l**2. Let a be w(-1). What is the highest common factor of 12 and a?
12
Let m = 27 + -22. Suppose m*w = 16 + 24. Suppose 4*r = -w, -r + 131 + 54 = p. What is the greatest common divisor of 17 and p?
17
Let l(q) = q**3 - 15*q**2 + 5*q - 58. Let d be l(15). What is the highest common factor of 17 and d?
17
Let v = -33 - -33. Let b(h) = h**2 + h + 1. Let t be b(v). Let y be -1*(0/t + -19). Calculate the highest common factor of 19 and y.
19
Suppose -3*u = 6*u - 234. Calculate the greatest common factor of u and 13.
13
Suppose h + 10 - 29 = 0. Let l = h - 36. Let x = l + 19. What is the highest common factor of x and 20?
2
Suppose -191 + 1079 = 37*f. What is the highest common factor of f and 3?
3
Let o = 44 + -39. Suppose -3*t + v + v = -215, o*v + 296 = 4*t. Calculate the highest common factor of 23 and t.
23
Let d = -67 - -165. Calculate the greatest common divisor of 245 and d.
49
Let d(g) = g**3 + 46*g**2 + 233*g. Let u be d(-7). What is the greatest common factor of 120 and u?
40
Let p be 0/(-1 - 3/(-1)). Suppose p = 2*v + 18 - 34. What is the highest common divisor of v and 1?
1
Let i = 132 + -40. Let n = i - 82. Suppose u = 4*f - 101, 3*u + 103 = -0*f + 4*f. Calculate the greatest common factor of f and n.
5
Let t(v) = 2*v**2 + 15*v + 47. Let w be t(-5). Let r = -2 + 4. Calculate the greatest common divisor of w and r.
2
Suppose -x = -4*x + 12. Suppose -96 = 2*h - x*h. Calculate the greatest common factor of 16 and h.
16
Let r be (1/(-2))/((-10)/400). Let h(s) = s**2 + 10*s + 21. Let c be h(-13). Calculate the highest common divisor of c and r.
20
Let l = -174 - -242. What is the highest common divisor of 4 and l?
4
Suppose i = -i + 120. Let k be ((-4)/(-14) + (-140)/(-98))/((-10)/(-210)). What is the highest common factor of i and k?
12
Suppose 0 = l - 3*l - 4*g + 54, -3*g + 31 = l. Calculate the highest common factor of 95 and l.
19
Suppose -i + 3*s = 0, -3*i = -9*s + 4*s. Suppose -x - 4 = i, -7 - 57 = -4*b + 5*x. What is the highest common divisor of b and 55?
11
Suppose 3*m - 2*m = -m. Let j = m - -40. What is the highest common divisor of 10 and j?
10
Let c(o) = -o**3 + 15*o**2 